{"id":9374,"date":"2021-03-20T17:03:14","date_gmt":"2021-03-20T17:03:14","guid":{"rendered":"https:\/\/www.celinevarin.com\/?page_id=9374"},"modified":"2026-03-08T11:05:45","modified_gmt":"2026-03-08T11:05:45","slug":"contact-alternate","status":"publish","type":"page","link":"http:\/\/www.celinevarin.com\/index.php\/contact-alternate\/","title":{"rendered":"Contact"},"content":{"rendered":"<div class=\"wpb-content-wrapper\"><p>[vc_section css=\u00a0\u00bb.vc_custom_1772967701930{margin-top: 0px !important;padding-top: 0px !important;}\u00a0\u00bb][vc_row][vc_column]\n\t\t\t\t<p class=\"rs-p-wp-fix\"><\/p>\n\t\t\t\t<sr7-module data-alias=\"Brooklyn-49\" data-id=\"1\" id=\"SR7_1_1\" class=\"rs-ov-hidden\" data-version=\"6.7.37\">\n\t\t\t\t\t<sr7-adjuster><\/sr7-adjuster>\n\t\t\t\t\t<sr7-content>\n\t\t\t\t\t\t<sr7-slide id=\"SR7_1_1-1\" data-key=\"1\">\n\t\t\t\t\t\t\t<sr7-bg id=\"SR7_1_1-1-6\" class=\"sr7-layer\"><noscript><img decoding=\"async\" src=\"http:\/\/www.celinevarin.com\/wp-content\/uploads\/2026\/03\/Salon_Accueil.jpg\" alt=\"\" title=\"Salon_Accueil\"><\/noscript><\/sr7-bg>\n\t\t\t\t\t\t\t<sr7-txt id=\"SR7_1_1-1-3\" class=\"sr7-layer\">J'imagine et transforme vos int\u00e9rieurs pour cr\u00e9er<br \/>\ndes lieux uniques qui vous ressemblent<\/sr7-txt>\n\t\t\t\t\t\t\t<sr7-txt id=\"SR7_1_1-1-4\" class=\"sr7-layer\">D\u00e9coratrice d'int\u00e9rieur<\/sr7-txt>\n\t\t\t\t\t\t\t<a id=\"SR7_1_1-1-5\" class=\"sr7-layer\" href=\"https:\/\/www.celinevarin.com\/index.php\/mes-prestations\/\" target=\"_blank\" rel=\"noopener\">D\u00e9couvrir mes services<\/a>\n\t\t\t\t\t\t<\/sr7-slide>\n\t\t\t\t\t\t<sr7-slide id=\"SR7_1_1-2\" data-key=\"2\">\n\t\t\t\t\t\t\t<sr7-bg id=\"SR7_1_1-2-7\" class=\"sr7-layer\"><noscript><img decoding=\"async\" src=\"http:\/\/www.celinevarin.com\/wp-content\/uploads\/2026\/03\/Salle_a_Manger.jpg\" alt=\"\" title=\"Salle_a_Manger\"><\/noscript><\/sr7-bg>\n\t\t\t\t\t\t\t<sr7-txt id=\"SR7_1_1-2-3\" class=\"sr7-layer\">Optimisation des volumes et jeux de textures <br \/>\npour transformer chaque pi\u00e8ce en un havre de paix.<\/sr7-txt>\n\t\t\t\t\t\t\t<sr7-txt id=\"SR7_1_1-2-4\" class=\"sr7-layer\">Inspiration & \u00c9l\u00e9gance<\/sr7-txt>\n\t\t\t\t\t\t\t<a id=\"SR7_1_1-2-5\" class=\"sr7-layer\" href=\"https:\/\/www.celinevarin.com\/index.php\/mes-prestations\/\" target=\"_blank\" rel=\"noopener\">EN SAVOIR PLUS<\/a>\n\t\t\t\t\t\t<\/sr7-slide>\n\t\t\t\t\t\t<sr7-slide id=\"SR7_1_1-3\" data-key=\"3\">\n\t\t\t\t\t\t\t<sr7-bg id=\"SR7_1_1-3-8\" class=\"sr7-layer\"><noscript><img decoding=\"async\" src=\"http:\/\/www.celinevarin.com\/wp-content\/uploads\/2026\/03\/Chambre.jpg\" alt=\"\" title=\"Chambre\"><\/noscript><\/sr7-bg>\n\t\t\t\t\t\t\t<sr7-txt id=\"SR7_1_1-3-3\" class=\"sr7-layer\">Parce que votre int\u00e9rieur est le miroir de votre \u00e2me, <br \/>\nje cr\u00e9e des lieux o\u00f9 il fait bon vivre.<\/sr7-txt>\n\t\t\t\t\t\t\t<sr7-txt id=\"SR7_1_1-3-4\" class=\"sr7-layer\">\"S\u00e9r\u00e9nit\u00e9 & Bien-\u00eatre\"<\/sr7-txt>\n\t\t\t\t\t\t\t<a id=\"SR7_1_1-3-5\" class=\"sr7-layer\" href=\"https:\/\/www.celinevarin.com\/index.php\/mes-prestations\/\" target=\"_blank\" rel=\"noopener\">VOUS ACCOMPAGNER<\/a>\n\t\t\t\t\t\t<\/sr7-slide>\n\t\t\t\t\t\t<sr7-slide id=\"SR7_1_1-4\" data-key=\"4\">\n\t\t\t\t\t\t<\/sr7-slide>\n\t\t\t\t\t<\/sr7-content>\n\t\t\t\t\t<image_lists style=\"display:none\">\n\t\t\t\t\t\t<img data-src=\"\/\/www.celinevarin.com\/wp-content\/uploads\/2026\/03\/Salon_Accueil.jpg\" data-libid=\"9894\" data-lib=\"medialibrary\" title=\"Salon_Accueil\" width=\"0\" height=\"0\" data-dbsrc=\"Ly93d3cuY2VsaW5ldmFyaW4uY29tL3dwLWNvbnRlbnQvdXBsb2Fkcy8yMDI2LzAzL1NhbG9uX0FjY3VlaWwuanBn\"\/>\n\t\t\t\t\t\t<img data-src=\"\/\/www.celinevarin.com\/wp-content\/uploads\/2026\/03\/Salle_a_Manger.jpg\" data-libid=\"9896\" data-lib=\"medialibrary\" title=\"Salle_a_Manger\" width=\"0\" height=\"0\" data-dbsrc=\"Ly93d3cuY2VsaW5ldmFyaW4uY29tL3dwLWNvbnRlbnQvdXBsb2Fkcy8yMDI2LzAzL1NhbGxlX2FfTWFuZ2VyLmpwZw==\"\/>\n\t\t\t\t\t\t<img data-src=\"\/\/www.celinevarin.com\/wp-content\/uploads\/2026\/03\/Chambre.jpg\" data-libid=\"9897\" data-lib=\"medialibrary\" title=\"Chambre\" width=\"0\" height=\"0\" data-dbsrc=\"Ly93d3cuY2VsaW5ldmFyaW4uY29tL3dwLWNvbnRlbnQvdXBsb2Fkcy8yMDI2LzAzL0NoYW1icmUuanBn\"\/>\n\t\t\t\t\t<\/image_lists>\n\t\t\t\t<\/sr7-module>\n\t\t\t\t<script>\n\t\t\t\t\tSR7.PMH ??={}; SR7.PMH[\"SR7_1_1\"] = {cn:100,state:false,fn: function() { if (_tpt!==undefined && _tpt.prepareModuleHeight !== undefined) {  _tpt.prepareModuleHeight({id:\"SR7_1_1\",el:[800,800,700,600,500],type:'standard',shdw:'0',gh:[800,800,700,600,500],gw:[1360,1360,1024,778,480],vpt:['-100px&#039;,&#039;-100px&#039;,&#039;-100px&#039;,&#039;-100px&#039;,&#039;-100px'],size:{fullWidth:true, fullHeight:false},mh:'0',onh:0,onw:0,bg:{color:'{\"orig\":\"transparent\",\"type\":\"solid\",\"string\":\"transparent\"}'},plType:'7',plColor:'#FFFFFF'});   SR7.PMH[\"SR7_1_1\"].state=true;} else if(SR7.PMH[\"SR7_1_1\"].cn-->0)\tsetTimeout( SR7.PMH[\"SR7_1_1\"].fn,19);}};SR7.PMH[\"SR7_1_1\" ].fn();\n\t\t\t\t<\/script>\n[\/vc_column][\/vc_row][\/vc_section][vc_section el_name=\u00a0\u00bbContact\u00a0\u00bb css=\u00a0\u00bb.vc_custom_1772967789550{margin-top: 10px !important;padding-top: 10px !important;}\u00a0\u00bb][vc_row][vc_column]<div class=\"wpb_content_element  vc_custom_1772966469040\"><style type=\"text\/css\">#ut_header_69f27859ef670 h1.section-title { font-size:90px !important;line-height:100px !important;letter-spacing:-0.03em; }<\/style><header id=\"ut_header_69f27859ef670\" class=\"section-header  ut-no-title-linebreak-mobile ut-no-lead-linebreak-mobile pt-style-7 header-left header-tablet-left header-mobile-center element-with-custom-line-height\"><div class=\"element-with-custom-line-height\" ><h1 data-title=\"Me contacter\"  data-responsive-font=\"section_title\" data-responsive-font-settings=\"{&quot;base-font-size&quot;:&quot;90&quot;,&quot;font-size-unit&quot;:&quot;px&quot;,&quot;font-size&quot;:{&quot;desktop_large&quot;:&quot;90&quot;},&quot;base-line-height&quot;:&quot;100&quot;,&quot;line-height-unit&quot;:&quot;px&quot;,&quot;line-height&quot;:{&quot;desktop_large&quot;:&quot;100&quot;},&quot;base-letter-spacing&quot;:&quot;global&quot;,&quot;letter-spacing&quot;:{&quot;desktop_large&quot;:&quot;-0.03&quot;}}\" class=\"section-title  \"><span>Me contacter<\/span><\/h1><\/div><div data-delay=\"0\" class=\"lead \"><p>Vous pouvez me contacter via ce formulaire et je me ferais un plaisir de vous r\u00e9pondre<\/p>\n<\/div><\/header><\/div>[vc_row_inner][vc_column_inner width=\u00a0\u00bb1\/6&Prime;][\/vc_column_inner][vc_column_inner width=\u00a0\u00bb2\/3&Prime;]<style type=\"text\/css\">#ut_cf7_colors_69f27859f3207 label { color:#000000 !important; }<\/style><div id=\"ut_cf7_colors_69f27859f3207\" class=\"wpb_content_element ut-cf7-dark-skin \">\n<div class=\"wpcf7 no-js\" id=\"wpcf7-f8290-o1\" lang=\"en-US\" dir=\"ltr\" data-wpcf7-id=\"8290\">\n<div class=\"screen-reader-response\"><p role=\"status\" aria-live=\"polite\" aria-atomic=\"true\"><\/p> <ul><\/ul><\/div>\n<form action=\"\/index.php\/wp-json\/wp\/v2\/pages\/9374#wpcf7-f8290-o1\" method=\"post\" class=\"wpcf7-form init\" aria-label=\"Contact form\" novalidate=\"novalidate\" data-status=\"init\">\n<fieldset class=\"hidden-fields-container\"><input type=\"hidden\" name=\"_wpcf7\" value=\"8290\" \/><input type=\"hidden\" name=\"_wpcf7_version\" value=\"6.1.5\" \/><input type=\"hidden\" name=\"_wpcf7_locale\" value=\"en_US\" \/><input type=\"hidden\" name=\"_wpcf7_unit_tag\" value=\"wpcf7-f8290-o1\" \/><input type=\"hidden\" name=\"_wpcf7_container_post\" value=\"0\" \/><input type=\"hidden\" name=\"_wpcf7_posted_data_hash\" value=\"\" \/>\n<\/fieldset>\n<label> Votre nom \n    <span class=\"wpcf7-form-control-wrap\" data-name=\"your-name\"><input size=\"40\" maxlength=\"400\" class=\"wpcf7-form-control wpcf7-text wpcf7-validates-as-required\" aria-required=\"true\" aria-invalid=\"false\" value=\"\" type=\"text\" name=\"your-name\" \/><\/span> <\/label>\n\n<label> Votre email\n    <span class=\"wpcf7-form-control-wrap\" data-name=\"your-email\"><input size=\"40\" maxlength=\"400\" class=\"wpcf7-form-control wpcf7-email wpcf7-validates-as-required wpcf7-text wpcf7-validates-as-email\" aria-required=\"true\" aria-invalid=\"false\" value=\"\" type=\"email\" name=\"your-email\" \/><\/span> <\/label>\n\n<label> Votre t\u00e9l\u00e9phone\n    <span class=\"wpcf7-form-control-wrap\" data-name=\"tel-339\"><input size=\"40\" maxlength=\"400\" class=\"wpcf7-form-control wpcf7-tel wpcf7-validates-as-required wpcf7-text wpcf7-validates-as-tel Tel\" aria-required=\"true\" aria-invalid=\"false\" value=\"\" type=\"tel\" name=\"tel-339\" \/><\/span><\/label>\n\n<label> Ville\n    <span class=\"wpcf7-form-control-wrap\" data-name=\"votre-ville\"><input size=\"40\" maxlength=\"400\" class=\"wpcf7-form-control wpcf7-text wpcf7-validates-as-required\" aria-required=\"true\" aria-invalid=\"false\" placeholder=\"Ex: Paris\" value=\"\" type=\"text\" name=\"votre-ville\" \/><\/span> <\/label>\n\n<label> Vous \u00eates int\u00e9ress\u00e9(e) par<\/label>\n<span class=\"wpcf7-form-control-wrap\" data-name=\"select-417\"><select class=\"wpcf7-form-control wpcf7-select wpcf7-validates-as-required\" aria-required=\"true\" aria-invalid=\"false\" name=\"select-417\"><option value=\"\">Le Rendez-vous Conseil D\u00e9coration<\/option><option value=\"Le Coaching D\u00e9coration\">Le Coaching D\u00e9coration<\/option><option value=\"Le Projet D\u00e9coration Complet\">Le Projet D\u00e9coration Complet<\/option><\/select><\/span>\n\n<label> Votre Message\n    <span class=\"wpcf7-form-control-wrap\" data-name=\"your-message\"><textarea cols=\"40\" rows=\"10\" maxlength=\"2000\" class=\"wpcf7-form-control wpcf7-textarea\" aria-invalid=\"false\" name=\"your-message\"><\/textarea><\/span> <\/label>\n\n<span id=\"wpcf7-69f2785a0227e-wrapper\" class=\"wpcf7-form-control-wrap confirmation-id-wrap\" style=\"display:none !important; visibility:hidden !important;\"><label for=\"wpcf7-69f2785a0227e-field\" class=\"hp-message\">Please leave this field empty.<\/label><input id=\"wpcf7-69f2785a0227e-field\"  class=\"wpcf7-form-control wpcf7-text\" type=\"text\" name=\"confirmation-id\" value=\"\" size=\"40\" tabindex=\"-1\" autocomplete=\"new-password\" \/><\/span>\n\n<input class=\"wpcf7-form-control wpcf7-submit has-spinner\" type=\"submit\" value=\"Envoyer\" \/><div class=\"wpcf7-response-output\" aria-hidden=\"true\"><\/div>\n<\/form>\n<\/div>\n<\/div>[\/vc_column_inner][vc_column_inner width=\u00a0\u00bb1\/6&Prime;][\/vc_column_inner][\/vc_row_inner][\/vc_column][\/vc_row][\/vc_section]<\/p>\n<\/div>","protected":false},"excerpt":{"rendered":"<p>[vc_section css=\u00a0\u00bb.vc_custom_1772967701930{margin-top: 0px !important;padding-top: 0px !important;}\u00a0\u00bb][vc_row][vc_column][\/vc_column][\/vc_row][\/vc_section][vc_section el_name=\u00a0\u00bbContact\u00a0\u00bb css=\u00a0\u00bb.vc_custom_1772967789550{margin-top: 10px !important;padding-top: 10px !important;}\u00a0\u00bb][vc_row][vc_column][vc_row_inner][vc_column_inner width=\u00a0\u00bb1\/6&Prime;][\/vc_column_inner][vc_column_inner width=\u00a0\u00bb2\/3&Prime;][\/vc_column_inner][vc_column_inner width=\u00a0\u00bb1\/6&Prime;][\/vc_column_inner][\/vc_row_inner][\/vc_column][\/vc_row][\/vc_section]<\/p>\n","protected":false},"author":1,"featured_media":0,"parent":0,"menu_order":0,"comment_status":"closed","ping_status":"closed","template":"","meta":{"footnotes":""},"class_list":["post-9374","page","type-page","status-publish","hentry"],"_links":{"self":[{"href":"http:\/\/www.celinevarin.com\/index.php\/wp-json\/wp\/v2\/pages\/9374","targetHints":{"allow":["GET"]}}],"collection":[{"href":"http:\/\/www.celinevarin.com\/index.php\/wp-json\/wp\/v2\/pages"}],"about":[{"href":"http:\/\/www.celinevarin.com\/index.php\/wp-json\/wp\/v2\/types\/page"}],"author":[{"embeddable":true,"href":"http:\/\/www.celinevarin.com\/index.php\/wp-json\/wp\/v2\/users\/1"}],"replies":[{"embeddable":true,"href":"http:\/\/www.celinevarin.com\/index.php\/wp-json\/wp\/v2\/comments?post=9374"}],"version-history":[{"count":3,"href":"http:\/\/www.celinevarin.com\/index.php\/wp-json\/wp\/v2\/pages\/9374\/revisions"}],"predecessor-version":[{"id":9938,"href":"http:\/\/www.celinevarin.com\/index.php\/wp-json\/wp\/v2\/pages\/9374\/revisions\/9938"}],"wp:attachment":[{"href":"http:\/\/www.celinevarin.com\/index.php\/wp-json\/wp\/v2\/media?parent=9374"}],"curies":[{"name":"wp","href":"https:\/\/api.w.org\/{rel}","templated":true}]}}