{"id":9960,"date":"2026-03-15T13:09:12","date_gmt":"2026-03-15T13:09:12","guid":{"rendered":"https:\/\/www.celinevarin.com\/?page_id=9960"},"modified":"2026-04-13T10:38:34","modified_gmt":"2026-04-13T10:38:34","slug":"qui-suis-je","status":"publish","type":"page","link":"http:\/\/www.celinevarin.com\/index.php\/qui-suis-je\/","title":{"rendered":"Qui suis je"},"content":{"rendered":"<div class=\"wpb-content-wrapper\"><p>[vc_section css=\u00a0\u00bb.vc_custom_1773580363693{margin-top: 0px !important;padding-top: 0px !important;}\u00a0\u00bb][vc_row][vc_column]\n\t\t\t\t<p class=\"rs-p-wp-fix\"><\/p>\n\t\t\t\t<sr7-module data-alias=\"Brooklyn-49\" data-id=\"1\" id=\"SR7_1_1\" class=\"rs-ov-hidden\" data-version=\"6.7.37\">\n\t\t\t\t\t<sr7-adjuster><\/sr7-adjuster>\n\t\t\t\t\t<sr7-content>\n\t\t\t\t\t\t<sr7-slide id=\"SR7_1_1-1\" data-key=\"1\">\n\t\t\t\t\t\t\t<sr7-bg id=\"SR7_1_1-1-6\" class=\"sr7-layer\"><noscript><img decoding=\"async\" src=\"http:\/\/www.celinevarin.com\/wp-content\/uploads\/2026\/03\/Salon_Accueil.jpg\" alt=\"\" title=\"Salon_Accueil\"><\/noscript><\/sr7-bg>\n\t\t\t\t\t\t\t<sr7-txt id=\"SR7_1_1-1-3\" class=\"sr7-layer\">J'imagine et transforme vos int\u00e9rieurs pour cr\u00e9er<br \/>\ndes lieux uniques qui vous ressemblent<\/sr7-txt>\n\t\t\t\t\t\t\t<sr7-txt id=\"SR7_1_1-1-4\" class=\"sr7-layer\">D\u00e9coratrice d'int\u00e9rieur<\/sr7-txt>\n\t\t\t\t\t\t\t<a id=\"SR7_1_1-1-5\" class=\"sr7-layer\" href=\"https:\/\/www.celinevarin.com\/index.php\/mes-prestations\/\" target=\"_blank\" rel=\"noopener\">D\u00e9couvrir mes services<\/a>\n\t\t\t\t\t\t<\/sr7-slide>\n\t\t\t\t\t\t<sr7-slide id=\"SR7_1_1-2\" data-key=\"2\">\n\t\t\t\t\t\t\t<sr7-bg id=\"SR7_1_1-2-7\" class=\"sr7-layer\"><noscript><img decoding=\"async\" src=\"http:\/\/www.celinevarin.com\/wp-content\/uploads\/2026\/03\/Salle_a_Manger.jpg\" alt=\"\" title=\"Salle_a_Manger\"><\/noscript><\/sr7-bg>\n\t\t\t\t\t\t\t<sr7-txt id=\"SR7_1_1-2-3\" class=\"sr7-layer\">Optimisation des volumes et jeux de textures <br \/>\npour transformer chaque pi\u00e8ce en un havre de paix.<\/sr7-txt>\n\t\t\t\t\t\t\t<sr7-txt id=\"SR7_1_1-2-4\" class=\"sr7-layer\">Inspiration & \u00c9l\u00e9gance<\/sr7-txt>\n\t\t\t\t\t\t\t<a id=\"SR7_1_1-2-5\" class=\"sr7-layer\" href=\"https:\/\/www.celinevarin.com\/index.php\/mes-prestations\/\" target=\"_blank\" rel=\"noopener\">EN SAVOIR PLUS<\/a>\n\t\t\t\t\t\t<\/sr7-slide>\n\t\t\t\t\t\t<sr7-slide id=\"SR7_1_1-3\" data-key=\"3\">\n\t\t\t\t\t\t\t<sr7-bg id=\"SR7_1_1-3-8\" class=\"sr7-layer\"><noscript><img decoding=\"async\" src=\"http:\/\/www.celinevarin.com\/wp-content\/uploads\/2026\/03\/Chambre.jpg\" alt=\"\" title=\"Chambre\"><\/noscript><\/sr7-bg>\n\t\t\t\t\t\t\t<sr7-txt id=\"SR7_1_1-3-3\" class=\"sr7-layer\">Parce que votre int\u00e9rieur est le miroir de votre \u00e2me, <br \/>\nje cr\u00e9e des lieux o\u00f9 il fait bon vivre.<\/sr7-txt>\n\t\t\t\t\t\t\t<sr7-txt id=\"SR7_1_1-3-4\" class=\"sr7-layer\">\"S\u00e9r\u00e9nit\u00e9 & Bien-\u00eatre\"<\/sr7-txt>\n\t\t\t\t\t\t\t<a id=\"SR7_1_1-3-5\" class=\"sr7-layer\" href=\"https:\/\/www.celinevarin.com\/index.php\/mes-prestations\/\" target=\"_blank\" rel=\"noopener\">VOUS ACCOMPAGNER<\/a>\n\t\t\t\t\t\t<\/sr7-slide>\n\t\t\t\t\t\t<sr7-slide id=\"SR7_1_1-4\" data-key=\"4\">\n\t\t\t\t\t\t<\/sr7-slide>\n\t\t\t\t\t<\/sr7-content>\n\t\t\t\t\t<image_lists style=\"display:none\">\n\t\t\t\t\t\t<img data-src=\"\/\/www.celinevarin.com\/wp-content\/uploads\/2026\/03\/Salon_Accueil.jpg\" data-libid=\"9894\" data-lib=\"medialibrary\" title=\"Salon_Accueil\" width=\"0\" height=\"0\" data-dbsrc=\"Ly93d3cuY2VsaW5ldmFyaW4uY29tL3dwLWNvbnRlbnQvdXBsb2Fkcy8yMDI2LzAzL1NhbG9uX0FjY3VlaWwuanBn\"\/>\n\t\t\t\t\t\t<img data-src=\"\/\/www.celinevarin.com\/wp-content\/uploads\/2026\/03\/Salle_a_Manger.jpg\" data-libid=\"9896\" data-lib=\"medialibrary\" title=\"Salle_a_Manger\" width=\"0\" height=\"0\" data-dbsrc=\"Ly93d3cuY2VsaW5ldmFyaW4uY29tL3dwLWNvbnRlbnQvdXBsb2Fkcy8yMDI2LzAzL1NhbGxlX2FfTWFuZ2VyLmpwZw==\"\/>\n\t\t\t\t\t\t<img data-src=\"\/\/www.celinevarin.com\/wp-content\/uploads\/2026\/03\/Chambre.jpg\" data-libid=\"9897\" data-lib=\"medialibrary\" title=\"Chambre\" width=\"0\" height=\"0\" data-dbsrc=\"Ly93d3cuY2VsaW5ldmFyaW4uY29tL3dwLWNvbnRlbnQvdXBsb2Fkcy8yMDI2LzAzL0NoYW1icmUuanBn\"\/>\n\t\t\t\t\t<\/image_lists>\n\t\t\t\t<\/sr7-module>\n\t\t\t\t<script>\n\t\t\t\t\tSR7.PMH ??={}; SR7.PMH[\"SR7_1_1\"] = {cn:100,state:false,fn: function() { if (_tpt!==undefined && _tpt.prepareModuleHeight !== undefined) {  _tpt.prepareModuleHeight({id:\"SR7_1_1\",el:[800,800,700,600,500],type:'standard',shdw:'0',gh:[800,800,700,600,500],gw:[1360,1360,1024,778,480],vpt:['-100px&#039;,&#039;-100px&#039;,&#039;-100px&#039;,&#039;-100px&#039;,&#039;-100px'],size:{fullWidth:true, fullHeight:false},mh:'0',onh:0,onw:0,bg:{color:'{\"orig\":\"transparent\",\"type\":\"solid\",\"string\":\"transparent\"}'},plType:'7',plColor:'#FFFFFF'});   SR7.PMH[\"SR7_1_1\"].state=true;} else if(SR7.PMH[\"SR7_1_1\"].cn-->0)\tsetTimeout( SR7.PMH[\"SR7_1_1\"].fn,19);}};SR7.PMH[\"SR7_1_1\" ].fn();\n\t\t\t\t<\/script>\n[\/vc_column][\/vc_row][\/vc_section][vc_section][vc_row css=\u00a0\u00bb.vc_custom_1773581377569{margin-top: 0px !important;padding-top: 0px !important;}\u00a0\u00bb][vc_column width=\u00a0\u00bb1\/4&Prime;]<div  class=\"wpb_content_element   clearfix\"><style type=\"text\/css\">#ut_am_69f27c24d9e38 { opacity: 1; }#ut_am_wrap_69f27c24d9e39 .ut-image-gallery-item-caption-title h3 { letter-spacing: 0em; }#ut_am_wrap_69f27c24d9e39 .ut-gallery-slider-caption { font-weight: bold; }#ut_am_wrap_69f27c24d9e39 { text-align: center; }@media (min-width: 768px) and (max-width: 1024px) { #ut_am_wrap_69f27c24d9e39 { text-align: center !important; } }@media (max-width: 767px) { #ut_am_wrap_69f27c24d9e39 { text-align: center !important; } }<\/style><div id=\"ut_am_wrap_69f27c24d9e39\" class=\"ut-image-gallery-image \"><div id=\"ut_reveal_69f27c24d9e3a\"  data-appear-top-offset=\"auto\" class=\"ut-animated-image-item ut-image-gallery-item ut-animation-done \"><a class=\"ut-deactivated-link\" href=\"#\"><div class=\"ut-animated-image-zoom\"><img loading=\"lazy\" decoding=\"async\" class=\"ut-lazy skip-lazy ut-animated-image \"  id=\"ut_am_69f27c24d9e38\" src=\"data:image\/svg+xml;charset=utf-8,%3Csvg xmlns%3D'http%3A%2F%2Fwww.w3.org%2F2000%2Fsvg' viewBox%3D'0 0 712 1024'%2F%3E\" data-src=\"http:\/\/www.celinevarin.com\/wp-content\/uploads\/2026\/04\/Celine_ok.jpeg\" width=\"712\" height=\"1024\" alt=\"\"\/><\/div><\/a><\/div><\/div><\/div>[\/vc_column][vc_column width=\u00a0\u00bb3\/4&Prime;][vc_column_text]<\/p>\n<div class=\"mon-projet-deco\">\n<div class=\"bloc-premium\" style=\"margin-bottom: 50px;\">\n<div class=\"numero-deco\" style=\"font-family: 'Great Vibes', cursive !important; font-size: 40px; color: #bea68a;\">01<\/div>\n<div class=\"texte-deco\" style=\"font-size: 17px !important; line-height: 1.8 !important;\">\n<h3 class=\"titre-deco\" style=\"font-family: 'Great Vibes', cursive !important; font-size: 35px !important; color: #bea68a !important; text-transform: none !important; font-weight: normal !important; margin-bottom: 10px !important;\">Passion &amp; Formation<\/h3>\n<p>Passionn\u00e9e depuis toujours par l\u2019am\u00e9nagement et l\u2019harmonie des espaces, j\u2019ai choisi en 2022 de me former afin de structurer ma cr\u00e9ativit\u00e9 et d\u2019acqu\u00e9rir une expertise solide en d\u00e9coration d\u2019int\u00e9rieur. Dipl\u00f4m\u00e9e en 2025, j\u2019ai d\u00e9cid\u00e9 de faire de cette passion mon m\u00e9tier et d\u2019accompagner mes clients dans la transformation de leurs lieux de vie et de travail.<\/p>\n<p>D\u00e9coratrice d\u2019int\u00e9rieur install\u00e9e pr\u00e8s de <strong>Montpellier<\/strong>, j\u2019interviens aupr\u00e8s des particuliers et des professionnels pour concevoir des espaces esth\u00e9tiques, fonctionnels et coh\u00e9rents avec leur identit\u00e9. Je me d\u00e9place dans le secteur de l\u2019H\u00e9rault et du Gard pour \u00e9tudier chaque projet avec attention et pr\u00e9cision.<\/p>\n<\/div>\n<\/div>\n<div class=\"bloc-premium\" style=\"margin-bottom: 50px;\">\n<div class=\"numero-deco\" style=\"font-family: 'Great Vibes', cursive !important; font-size: 40px; color: #bea68a;\">02<\/div>\n<div class=\"texte-deco\" style=\"font-size: 17px !important; line-height: 1.8 !important;\">\n<h3 class=\"titre-deco\" style=\"font-family: 'Great Vibes', cursive !important; font-size: 35px !important; color: #bea68a !important; text-transform: none !important; font-weight: normal !important; margin-bottom: 10px !important;\">Mon M\u00e9tier<\/h3>\n<p><span style=\"font-weight: 500;\">Mon m\u00e9tier consiste \u00e0 r\u00e9v\u00e9ler le potentiel d\u2019un lieu en travaillant les volumes, la circulation, la lumi\u00e8re, les couleurs, les mati\u00e8res et le mobilier afin de cr\u00e9er un ensemble harmonieux et structur\u00e9.<\/span><\/p>\n<p>Qu\u2019il s\u2019agisse de repenser une pi\u00e8ce de vie, de r\u00e9nover un bien, de valoriser un local professionnel ou de cr\u00e9er une ambiance coh\u00e9rente dans un logement, j\u2019interviens avec une vision globale du projet. Chaque espace est analys\u00e9 dans son ensemble pour garantir des choix pertinents, durables et adapt\u00e9s \u00e0 son usage.<\/p>\n<\/div>\n<\/div>\n<div class=\"bloc-premium\" style=\"margin-bottom: 50px;\">\n<div class=\"numero-deco\" style=\"font-family: 'Great Vibes', cursive !important; font-size: 40px; color: #bea68a;\">03<\/div>\n<div class=\"texte-deco\" style=\"font-size: 17px !important; line-height: 1.8 !important;\">\n<h3 class=\"titre-deco\" style=\"font-family: 'Great Vibes', cursive !important; font-size: 35px !important; color: #bea68a !important; text-transform: none !important; font-weight: normal !important; margin-bottom: 10px !important;\">Mon Accompagnement<\/h3>\n<p>Chaque projet d\u00e9bute par une \u00e9coute attentive et une analyse pr\u00e9cise de vos besoins. Mon r\u00f4le est de comprendre vos attentes, vos contraintes et vos priorit\u00e9s afin de construire un projet clair et coh\u00e9rent.<\/p>\n<p>Je vous guide dans vos choix en apportant un regard professionnel et des solutions concrets, tout en respectant votre budget et votre identit\u00e9. Mon accompagnement repose sur la m\u00e9thode, l\u2019organisation et la transparence, afin que chaque \u00e9tape soit structur\u00e9e et rassurante.<\/p>\n<p>Selon la prestation choisie, j\u2019interviens du simple conseil \u00e0 un accompagnement plus complet, en restant votre interlocutrice d\u00e9di\u00e9e tout au long du processus. Mon objectif est de vous offrir une exp\u00e9rience fluide et sereine, o\u00f9 chaque d\u00e9cision est r\u00e9fl\u00e9chie et align\u00e9e avec votre projet.<\/p>\n<\/div>\n<\/div>\n<\/div>\n<p>[\/vc_column_text][\/vc_column][\/vc_row][\/vc_section]<\/p>\n<\/div>","protected":false},"excerpt":{"rendered":"<p>[vc_section css=\u00a0\u00bb.vc_custom_1773580363693{margin-top: 0px !important;padding-top: 0px !important;}\u00a0\u00bb][vc_row][vc_column][\/vc_column][\/vc_row][\/vc_section][vc_section][vc_row css=\u00a0\u00bb.vc_custom_1773581377569{margin-top: 0px !important;padding-top: 0px !important;}\u00a0\u00bb][vc_column width=\u00a0\u00bb1\/4&Prime;][\/vc_column][vc_column width=\u00a0\u00bb3\/4&Prime;][vc_column_text] 01 Passion &amp; Formation Passionn\u00e9e depuis toujours par l\u2019am\u00e9nagement et l\u2019harmonie des espaces, j\u2019ai choisi en 2022 de me former afin de structurer ma cr\u00e9ativit\u00e9 et d\u2019acqu\u00e9rir une expertise solide en d\u00e9coration d\u2019int\u00e9rieur. Dipl\u00f4m\u00e9e en 2025, j\u2019ai d\u00e9cid\u00e9 de faire de cette [&hellip;]<\/p>\n","protected":false},"author":1,"featured_media":0,"parent":0,"menu_order":0,"comment_status":"closed","ping_status":"closed","template":"","meta":{"footnotes":""},"class_list":["post-9960","page","type-page","status-publish","hentry"],"_links":{"self":[{"href":"http:\/\/www.celinevarin.com\/index.php\/wp-json\/wp\/v2\/pages\/9960","targetHints":{"allow":["GET"]}}],"collection":[{"href":"http:\/\/www.celinevarin.com\/index.php\/wp-json\/wp\/v2\/pages"}],"about":[{"href":"http:\/\/www.celinevarin.com\/index.php\/wp-json\/wp\/v2\/types\/page"}],"author":[{"embeddable":true,"href":"http:\/\/www.celinevarin.com\/index.php\/wp-json\/wp\/v2\/users\/1"}],"replies":[{"embeddable":true,"href":"http:\/\/www.celinevarin.com\/index.php\/wp-json\/wp\/v2\/comments?post=9960"}],"version-history":[{"count":16,"href":"http:\/\/www.celinevarin.com\/index.php\/wp-json\/wp\/v2\/pages\/9960\/revisions"}],"predecessor-version":[{"id":10209,"href":"http:\/\/www.celinevarin.com\/index.php\/wp-json\/wp\/v2\/pages\/9960\/revisions\/10209"}],"wp:attachment":[{"href":"http:\/\/www.celinevarin.com\/index.php\/wp-json\/wp\/v2\/media?parent=9960"}],"curies":[{"name":"wp","href":"https:\/\/api.w.org\/{rel}","templated":true}]}}

<div class="wpb-content-wrapper"><p>[vc_section css= ».vc_custom_1773580363693{margin-top: 0px !important;padding-top: 0px !important;} »][vc_row][vc_column]
				<p class="rs-p-wp-fix"></p>
				<sr7-module data-alias="Brooklyn-49" data-id="1" id="SR7_1_1" class="rs-ov-hidden" data-version="6.7.37">
					<sr7-adjuster></sr7-adjuster>
					<sr7-content>
						<sr7-slide id="SR7_1_1-1" data-key="1">
							<sr7-bg id="SR7_1_1-1-6" class="sr7-layer"><noscript><img decoding="async" src="http://www.celinevarin.com/wp-content/uploads/2026/03/Salon_Accueil.jpg" alt="" title="Salon_Accueil"></noscript></sr7-bg>
							<sr7-txt id="SR7_1_1-1-3" class="sr7-layer">J'imagine et transforme vos intérieurs pour créer<br />
des lieux uniques qui vous ressemblent</sr7-txt>
							<sr7-txt id="SR7_1_1-1-4" class="sr7-layer">Décoratrice d'intérieur</sr7-txt>
							<a id="SR7_1_1-1-5" class="sr7-layer" href="https://www.celinevarin.com/index.php/mes-prestations/" target="_blank" rel="noopener">Découvrir mes services</a>
						</sr7-slide>
						<sr7-slide id="SR7_1_1-2" data-key="2">
							<sr7-bg id="SR7_1_1-2-7" class="sr7-layer"><noscript><img decoding="async" src="http://www.celinevarin.com/wp-content/uploads/2026/03/Salle_a_Manger.jpg" alt="" title="Salle_a_Manger"></noscript></sr7-bg>
							<sr7-txt id="SR7_1_1-2-3" class="sr7-layer">Optimisation des volumes et jeux de textures <br />
pour transformer chaque pièce en un havre de paix.</sr7-txt>
							<sr7-txt id="SR7_1_1-2-4" class="sr7-layer">Inspiration & Élégance</sr7-txt>
							<a id="SR7_1_1-2-5" class="sr7-layer" href="https://www.celinevarin.com/index.php/mes-prestations/" target="_blank" rel="noopener">EN SAVOIR PLUS</a>
						</sr7-slide>
						<sr7-slide id="SR7_1_1-3" data-key="3">
							<sr7-bg id="SR7_1_1-3-8" class="sr7-layer"><noscript><img decoding="async" src="http://www.celinevarin.com/wp-content/uploads/2026/03/Chambre.jpg" alt="" title="Chambre"></noscript></sr7-bg>
							<sr7-txt id="SR7_1_1-3-3" class="sr7-layer">Parce que votre intérieur est le miroir de votre âme, <br />
je crée des lieux où il fait bon vivre.</sr7-txt>
							<sr7-txt id="SR7_1_1-3-4" class="sr7-layer">"Sérénité & Bien-être"</sr7-txt>
							<a id="SR7_1_1-3-5" class="sr7-layer" href="https://www.celinevarin.com/index.php/mes-prestations/" target="_blank" rel="noopener">VOUS ACCOMPAGNER</a>
						</sr7-slide>
						<sr7-slide id="SR7_1_1-4" data-key="4">
						</sr7-slide>
					</sr7-content>
					<image_lists style="display:none">
						<img data-src="//www.celinevarin.com/wp-content/uploads/2026/03/Salon_Accueil.jpg" data-libid="9894" data-lib="medialibrary" title="Salon_Accueil" width="0" height="0" data-dbsrc="Ly93d3cuY2VsaW5ldmFyaW4uY29tL3dwLWNvbnRlbnQvdXBsb2Fkcy8yMDI2LzAzL1NhbG9uX0FjY3VlaWwuanBn"/>
						<img data-src="//www.celinevarin.com/wp-content/uploads/2026/03/Salle_a_Manger.jpg" data-libid="9896" data-lib="medialibrary" title="Salle_a_Manger" width="0" height="0" data-dbsrc="Ly93d3cuY2VsaW5ldmFyaW4uY29tL3dwLWNvbnRlbnQvdXBsb2Fkcy8yMDI2LzAzL1NhbGxlX2FfTWFuZ2VyLmpwZw=="/>
						<img data-src="//www.celinevarin.com/wp-content/uploads/2026/03/Chambre.jpg" data-libid="9897" data-lib="medialibrary" title="Chambre" width="0" height="0" data-dbsrc="Ly93d3cuY2VsaW5ldmFyaW4uY29tL3dwLWNvbnRlbnQvdXBsb2Fkcy8yMDI2LzAzL0NoYW1icmUuanBn"/>
					</image_lists>
				</sr7-module>
				<script>
					SR7.PMH ??={}; SR7.PMH["SR7_1_1"] = {cn:100,state:false,fn: function() { if (_tpt!==undefined && _tpt.prepareModuleHeight !== undefined) {  _tpt.prepareModuleHeight({id:"SR7_1_1",el:[800,800,700,600,500],type:'standard',shdw:'0',gh:[800,800,700,600,500],gw:[1360,1360,1024,778,480],vpt:['-100px&#039;,&#039;-100px&#039;,&#039;-100px&#039;,&#039;-100px&#039;,&#039;-100px'],size:{fullWidth:true, fullHeight:false},mh:'0',onh:0,onw:0,bg:{color:'{"orig":"transparent","type":"solid","string":"transparent"}'},plType:'7',plColor:'#FFFFFF'});   SR7.PMH["SR7_1_1"].state=true;} else if(SR7.PMH["SR7_1_1"].cn-->0)	setTimeout( SR7.PMH["SR7_1_1"].fn,19);}};SR7.PMH["SR7_1_1" ].fn();
				</script>
[/vc_column][/vc_row][/vc_section][vc_section][vc_row css= ».vc_custom_1773581377569{margin-top: 0px !important;padding-top: 0px !important;} »][vc_column width= »1/4&Prime;]<div  class="wpb_content_element   clearfix"><style type="text/css">#ut_am_69f27c24d9e38 { opacity: 1; }#ut_am_wrap_69f27c24d9e39 .ut-image-gallery-item-caption-title h3 { letter-spacing: 0em; }#ut_am_wrap_69f27c24d9e39 .ut-gallery-slider-caption { font-weight: bold; }#ut_am_wrap_69f27c24d9e39 { text-align: center; }@media (min-width: 768px) and (max-width: 1024px) { #ut_am_wrap_69f27c24d9e39 { text-align: center !important; } }@media (max-width: 767px) { #ut_am_wrap_69f27c24d9e39 { text-align: center !important; } }</style><div id="ut_am_wrap_69f27c24d9e39" class="ut-image-gallery-image "><div id="ut_reveal_69f27c24d9e3a"  data-appear-top-offset="auto" class="ut-animated-image-item ut-image-gallery-item ut-animation-done "><a class="ut-deactivated-link" href="#"><div class="ut-animated-image-zoom"><img loading="lazy" decoding="async" class="ut-lazy skip-lazy ut-animated-image "  id="ut_am_69f27c24d9e38" src="data:image/svg+xml;charset=utf-8,%3Csvg xmlns%3D'http%3A%2F%2Fwww.w3.org%2F2000%2Fsvg' viewBox%3D'0 0 712 1024'%2F%3E" data-src="http://www.celinevarin.com/wp-content/uploads/2026/04/Celine_ok.jpeg" width="712" height="1024" alt=""/></div></a></div></div></div>[/vc_column][vc_column width= »3/4&Prime;][vc_column_text]</p>
<div class="mon-projet-deco">
<div class="bloc-premium" style="margin-bottom: 50px;">
<div class="numero-deco" style="font-family: 'Great Vibes', cursive !important; font-size: 40px; color: #bea68a;">01</div>
<div class="texte-deco" style="font-size: 17px !important; line-height: 1.8 !important;">
<h3 class="titre-deco" style="font-family: 'Great Vibes', cursive !important; font-size: 35px !important; color: #bea68a !important; text-transform: none !important; font-weight: normal !important; margin-bottom: 10px !important;">Passion &amp; Formation</h3>
<p>Passionnée depuis toujours par l’aménagement et l’harmonie des espaces, j’ai choisi en 2022 de me former afin de structurer ma créativité et d’acquérir une expertise solide en décoration d’intérieur. Diplômée en 2025, j’ai décidé de faire de cette passion mon métier et d’accompagner mes clients dans la transformation de leurs lieux de vie et de travail.</p>
<p>Décoratrice d’intérieur installée près de <strong>Montpellier</strong>, j’interviens auprès des particuliers et des professionnels pour concevoir des espaces esthétiques, fonctionnels et cohérents avec leur identité. Je me déplace dans le secteur de l’Hérault et du Gard pour étudier chaque projet avec attention et précision.</p>
</div>
</div>
<div class="bloc-premium" style="margin-bottom: 50px;">
<div class="numero-deco" style="font-family: 'Great Vibes', cursive !important; font-size: 40px; color: #bea68a;">02</div>
<div class="texte-deco" style="font-size: 17px !important; line-height: 1.8 !important;">
<h3 class="titre-deco" style="font-family: 'Great Vibes', cursive !important; font-size: 35px !important; color: #bea68a !important; text-transform: none !important; font-weight: normal !important; margin-bottom: 10px !important;">Mon Métier</h3>
<p><span style="font-weight: 500;">Mon métier consiste à révéler le potentiel d’un lieu en travaillant les volumes, la circulation, la lumière, les couleurs, les matières et le mobilier afin de créer un ensemble harmonieux et structuré.</span></p>
<p>Qu’il s’agisse de repenser une pièce de vie, de rénover un bien, de valoriser un local professionnel ou de créer une ambiance cohérente dans un logement, j’interviens avec une vision globale du projet. Chaque espace est analysé dans son ensemble pour garantir des choix pertinents, durables et adaptés à son usage.</p>
</div>
</div>
<div class="bloc-premium" style="margin-bottom: 50px;">
<div class="numero-deco" style="font-family: 'Great Vibes', cursive !important; font-size: 40px; color: #bea68a;">03</div>
<div class="texte-deco" style="font-size: 17px !important; line-height: 1.8 !important;">
<h3 class="titre-deco" style="font-family: 'Great Vibes', cursive !important; font-size: 35px !important; color: #bea68a !important; text-transform: none !important; font-weight: normal !important; margin-bottom: 10px !important;">Mon Accompagnement</h3>
<p>Chaque projet débute par une écoute attentive et une analyse précise de vos besoins. Mon rôle est de comprendre vos attentes, vos contraintes et vos priorités afin de construire un projet clair et cohérent.</p>
<p>Je vous guide dans vos choix en apportant un regard professionnel et des solutions concrets, tout en respectant votre budget et votre identité. Mon accompagnement repose sur la méthode, l’organisation et la transparence, afin que chaque étape soit structurée et rassurante.</p>
<p>Selon la prestation choisie, j’interviens du simple conseil à un accompagnement plus complet, en restant votre interlocutrice dédiée tout au long du processus. Mon objectif est de vous offrir une expérience fluide et sereine, où chaque décision est réfléchie et alignée avec votre projet.</p>
</div>
</div>
</div>
<p>[/vc_column_text][/vc_column][/vc_row][/vc_section]</p>
</div>

<p>[vc_section css= ».vc_custom_1773580363693{margin-top: 0px !important;padding-top: 0px !important;} »][vc_row][vc_column][/vc_column][/vc_row][/vc_section][vc_section][vc_row css= ».vc_custom_1773581377569{margin-top: 0px !important;padding-top: 0px !important;} »][vc_column width= »1/4&Prime;][/vc_column][vc_column width= »3/4&Prime;][vc_column_text] 01 Passion &amp; Formation Passionnée depuis toujours par l’aménagement et l’harmonie des espaces, j’ai choisi en 2022 de me former afin de structurer ma créativité et d’acquérir une expertise solide en décoration d’intérieur. Diplômée en 2025, j’ai décidé de faire de cette [&hellip;]</p>
